{"id":8872,"date":"2026-03-09T19:29:16","date_gmt":"2026-03-09T18:29:16","guid":{"rendered":"https:\/\/www.oszomega.pl\/sklep\/?post_type=product&#038;p=8872"},"modified":"2026-03-25T10:38:30","modified_gmt":"2026-03-25T09:38:30","slug":"pompa-ciepla-ehs-mono-climatehub","status":"publish","type":"product","link":"https:\/\/www.oszomega.pl\/sklep\/produkt\/pompa-ciepla-ehs-mono-climatehub\/","title":{"rendered":"Pompa Ciep\u0142a SAMSUNG EHS MONO ClimateHub"},"content":{"rendered":"<p>Pompa ciep\u0142a Samsung\u00a0 EHS MONO R290 ClimateHub to pompa monoblok wsp\u00f3\u0142pracuj\u0105ca z Samsung ClimateHub (jednostka wewn\u0119trzna z wbudowanym zbiornikiem na wod\u0119 200l). System ten mo\u017ce by\u0107 u\u017cywany przez ca\u0142y rok do ogrzewania i dostarczania ciep\u0142ej wody u\u017cytkowej. Urz\u0105dzenie w celu ogrzania pomieszcze\u0144 mo\u017ce nieprzerwanie dostarcza\u0107 wod\u0119 do 75\u00b0C. Charakteryzuje si\u0119 wysok\u0105 wydajno\u015bci\u0105 i cich\u0105 prac\u0105. Pompa ciep\u0142a Samsung EHS MONO EHS MONO R290 ClimateHub jest przygotowana do po\u0142\u0105czenia z Smart Grid. Jest to system elektroenergetyczny daj\u0105cy szerokie mo\u017cliwo\u015bci sterowania energi\u0105. Pozwala na optymalizacj\u0119 w\u0142asnego zu\u017cycia energii elektrycznej. Najwi\u0119ksz\u0105 zalet\u0105 jest mo\u017cliwo\u015b\u0107 pod\u0142\u0105czenia paneli fotowoltaicznych i wykorzystanie nadwy\u017cki generowanego pr\u0105du, na potrzeby C.O. lub C.W.U.<\/p>\n<p>&nbsp;<\/p>\n<p><strong>Przyk\u0142adowe i pogl\u0105dowe wykorzystanie urz\u0105dzenia w pomieszczeniu<\/strong><\/p>\n<p><img loading=\"lazy\" class=\"lazy entered loaded\" src=\"https:\/\/klima-sklep.pl\/img\/cms\/Samsung\/MONO%20STANDARD%20SCHEMAT%20POD%C5%81%C4%84CZENIA.png\" alt=\"Pompa ciep\u0142a Samsung EHS MONO AE050CXYDEK \/ AE200CNWMEG\" width=\"560\" height=\"443\" data-src=\"https:\/\/klima-sklep.pl\/img\/cms\/Samsung\/MONO STANDARD SCHEMAT POD\u0141\u0104CZENIA.png\" data-ll-status=\"loaded\" \/><\/p>\n<p>&nbsp;<\/p>\n<p><strong>W\u0142a\u015bciwo\u015bci i funkcje Pompa ciep\u0142a Samsung EHS MONO R290 ClimateHub<\/strong><\/p>\n<p><img loading=\"lazy\" class=\"lazy entered loaded\" src=\"https:\/\/klima-sklep.pl\/img\/cms\/BRINK\/samsung777.JPG\" alt=\"\" width=\"470\" height=\"162\" data-src=\"https:\/\/klima-sklep.pl\/img\/cms\/BRINK\/samsung777.JPG\" data-ll-status=\"loaded\" \/><\/p>\n<ul>\n<li>\u00a0Wsp\u00f3\u0142praca ze Smart Grid i z instalacj\u0105 fotowoltaiczn\u0105.<\/li>\n<li>\u00a0Kompaktowy rozmiar urz\u0105dzenia z du\u017cym zasobnikiem na wod\u0119.<\/li>\n<li>\u00a0Sterowanie 2-strefowe, odpowiednie do ogrzewania pod\u0142ogowego i grzejnik\u00f3w.<\/li>\n<li>\u00a0Intuicyjny sterownik z kolorowym, dotykowym ekranem w wielu j\u0119zykach.**<\/li>\n<li>\u00a0Klasa efektywno\u015bci energetycznej A+++ (Oznakowanie energetyczne A+++ dost\u0119pne jest zgodnie z klasyfikacj\u0105 oznakowa\u0144 UE Nr 811\/2013 2019, w\u00a0 \u00a0skali od D do A+++).<\/li>\n<li>\u00a0Monitorowanie zu\u017cytej energii poprzez sterownik dotykowy.<\/li>\n<li>\u00a0System kompatybilny z aplikacj\u0105 SmartThings przy zastosowaniu opcjonalnego zestawu Wi-Fi.***<\/li>\n<li>\u00a0Bezproblemowe serwisowanie poprzez okienko rewizyjne umieszczone z\u00a0przodu.<\/li>\n<li>\u00a0W zestawie znajduje si\u0119 zapasowa grza\u0142ka zapewniaj\u0105ca ci\u0105g\u0142e ogrzewanie (wbudowana w urz\u0105dzenie)<\/li>\n<\/ul>\n","protected":false},"excerpt":{"rendered":"<p><strong>W zestawie:<\/strong><\/p>\n<ul>\n<li>Jednostka zewn\u0119trzna,<\/li>\n<li>Zestaw steruj\u0105cy MWR-WW10N z od\u0142\u0105czanym, przewodowym sterownikiem dotykowym,<\/li>\n<li>Jednostka wewn\u0119trzna (modu\u0142 hydrauliczny) ze zbiornikiem<\/li>\n<\/ul>\n","protected":false},"featured_media":8873,"comment_status":"open","ping_status":"closed","template":"","meta":[],"_links":{"self":[{"href":"https:\/\/www.oszomega.pl\/sklep\/wp-json\/wp\/v2\/product\/8872"}],"collection":[{"href":"https:\/\/www.oszomega.pl\/sklep\/wp-json\/wp\/v2\/product"}],"about":[{"href":"https:\/\/www.oszomega.pl\/sklep\/wp-json\/wp\/v2\/types\/product"}],"replies":[{"embeddable":true,"href":"https:\/\/www.oszomega.pl\/sklep\/wp-json\/wp\/v2\/comments?post=8872"}],"wp:featuredmedia":[{"embeddable":true,"href":"https:\/\/www.oszomega.pl\/sklep\/wp-json\/wp\/v2\/media\/8873"}],"wp:attachment":[{"href":"https:\/\/www.oszomega.pl\/sklep\/wp-json\/wp\/v2\/media?parent=8872"}],"curies":[{"name":"wp","href":"https:\/\/api.w.org\/{rel}","templated":true}]}}